093. Give f(-8).
5
Let d(b) = 5*b**2 + 15*b - 28. Determine d(1).
-8
Let u(a) = 6*a**2 - 505*a + 56. Determine u(84).
-28
Let l(m) = m**3 - 18*m**2 - 32*m + 236. What is l(19)?
-11
Let v(g) = -g**3 + 4*g**2 + 21*g + 32. Calculate v(8).
-56
Let r(o) = -o - 110. Give r(-97).
-13
Let z(s) = s**3 - 43*s**2 + 245*s + 53. Give z(7).
4
Let v(o) = 49*o**2 - o - 9. Determine v(-1).
41
Let y(k) = k**2 + 59*k + 101. Give y(-53).
-217
Let p(b) = 4*b**2 - 45*b - 154. What is p(-5)?
171
Let d(y) = 6*y**2 + 137*y + 445. Calculate d(-19).
8
Let u(w) = 2*w**2 - 11*w - 402. Determine u(31).
1179
Let t(g) = -g**3 - 8*g**2 + 8*g. Calculate t(-9).
9
Let v(w) = -w**2 - 5*w + 39. Calculate v(-13).
-65
Let h(b) = b**3 - 13*b**2 + 36*b - 6. Determine h(5).
-26
Let s(q) = -42*q + 727. Calculate s(24).
-281
Let m(g) = g**2 - 14*g - 195. Determine m(-9).
12
Let n(w) = 3*w**2 + 80*w - 488. Give n(5).
-13
Let q(a) = -7*a**2 + 239*a - 448. What is q(2)?
2
Let r(s) = -s**3 + 7*s**2 + 191*s + 621. Calculate r(19).
-82
Let o(p) = -1164*p - 12902. Calculate o(-11).
-98
Let a(v) = 905*v**2 - 60*v - 59. Give a(-1).
906
Let p(o) = o**3 + 32*o**2 - 70*o - 36. Give p(-34).
32
Let t(g) = -74*g - 65. What is t(-3)?
157
Let o(m) = -17*m - 474. Give o(-24).
-66
Let w(o) = o**3 - 21*o**2 - 197*o + 28. What is w(28)?
0
Let i(l) = -l**3 + 3*l**2 + 30*l - 110. Give i(6).
-38
Let t(m) = -m**3 - 3*m**2 + 281*m + 1105. Calculate t(-4).
-3
Let o(x) = 2*x**3 + 30*x**2 + 35*x + 60. Determine o(-15).
-465
Let s(h) = 5*h**2 + 36*h + 143. Calculate s(-10).
283
Let k(z) = -42*z - 527. Calculate k(-13).
19
Let j(i) = 2*i**3 + i**2 + 8*i - 20. Calculate j(3).
67
Let x(b) = b**2 - 13*b - 69. What is x(17)?
-1
Let j(c) = c**3 - 5*c**2 - 29*c + 80. Give j(3).
-25
Let o(a) = 2*a**2 + 18*a + 69. Determine o(-5).
29
Let o(d) = 296*d + 26051. Give o(-88).
3
Let g(a) = -3*a**3 + 3*a**2 - 1243*a + 2480. Calculate g(2).
-18
Let o(a) = 13209*a - 52838. Calculate o(4).
-2
Let b(y) = 24*y**2 + 5. Calculate b(-2).
101
Let l(i) = -2*i**2 + i + 28. Calculate l(-4).
-8
Let y(o) = -11*o**3 - 39*o**2 - 42*o - 2. Calculate y(-1).
12
Let l(y) = y**2 + 349*y + 2736. Determine l(-8).
8
Let w(l) = -2831*l - 121714. Determine w(-43).
19
Let m(v) = -3*v**2 + 65*v - 314. What is m(12)?
34
Let l(s) = 2*s**2 - 107*s - 156. Calculate l(61).
759
Let o(x) = -x**3 - 12*x**2 + 252*x - 23. Calculate o(-23).
0
Let n(c) = 5*c**3 + 155*c**2 + 149*c - 21. Calculate n(-30).
9
Let k(s) = -4*s**3 + 30*s**2 + 11*s - 29. Determine k(8).
-69
Let g(p) = p**2 - 21*p - 3. Determine g(6).
-93
Let b(m) = -36*m**2 - 16*m + 60. Determine b(3).
-312
Let s(h) = -177*h - 526. Give s(0).
-526
Let z(f) = f**2 - 35*f - 3276. What is z(-41)?
-160
Let n(j) = -3*j - 33. Calculate n(12).
-69
Let s(t) = 2*t + 87. What is s(-9)?
69
Let f(u) = 8*u**3 + 318*u**2 + 1329*u - 36. What is f(-35)?
-1
Let x(r) = r**3 - 110*r**2 + 324*r - 330. Calculate x(107).
-9
Let l(z) = 2*z**3 + 10*z**2 + 117*z + 582. What is l(-5)?
-3
Let z(k) = -2*k**3 + 10*k**2 - 6*k + 29. Calculate z(5).
-1
Let u(d) = 475*d**3 + 3*d**2 - 4*d + 2. Determine u(1).
476
Let b(m) = -2*m**2 - 104*m - 31. Calculate b(-19).
1223
Let a(t) = 48*t + 255. What is a(-11)?
-273
Let f(n) = -68*n - 65. Give f(-7).
411
Let s(x) = 2*x**2 + 116*x - 1529. Calculate s(-69).
-11
Let i(t) = 119*t**2 - 48*t - 95. Give i(-2).
477
Let w(s) = 2*s**2 + 12*s - 567. Calculate w(-20).
-7
Let u(s) = -568*s + 4535. Determine u(8).
-9
Let v(p) = p**3 + 15*p**2 + 57*p + 31. Calculate v(-5).
-4
Let r(y) = 5*y**2 + 2*y + 19. Calculate r(4).
107
Let v(l) = 50*l**2 + 956*l + 113. Calculate v(-19).
-1
Let k(c) = c**2 + 26*c - 159. Calculate k(-23).
-228
Let r(l) = 4*l - 156. Calculate r(31).
-32
Let d(q) = -2*q**3 + 110*q**2 - 414*q + 313. Determine d(51).
7
Let p(n) = -3*n**2 - 58*n + 85. Determine p(-21).
-20
Let h(i) = -i**3 + 35*i**2 - 61*i + 3479. Give h(36).
-13
Let z(d) = 3*d**2 + 118*d - 1931. Determine z(-52).
45
Let z(r) = r**2 - 63*r + 619. What is z(51)?
7
Let p(i) = -i**3 + 41*i**2 - 149*i - 7. Calculate p(37).
-44
Let r(p) = 14069*p - 56276. What is r(4)?
0
Let u(o) = o**3 - 30*o**2 - 101*o - 25. Calculate u(33).
-91
Let u(q) = q**3 - 7*q**2 + 202*q - 2317. Calculate u(10).
3
Let h(q) = 15*q**3 - 165*q**2 + 230*q - 2527. Determine h(11).
3
Let t(s) = 109*s**2 - 6*s + 5. Calculate t(1).
108
Let v(q) = q**3 + 10*q**2 + 29*q + 68. Calculate v(-11).
-372
Let x(a) = 2*a**3 - 31*a**2 - 15*a + 21. Determine x(16).
37
Let t(c) = -2*c**3 - 10*c**2 - 4*c - 4. Give t(-2).
-20
Let s(a) = 2*a**3 - 6*a**2 - 3*a - 14. Calculate s(6).
184
Let b(r) = 35*r - 1544. Determine b(46).
66
Let p(b) = b**3 - 11*b**2 + 42*b + 9. What is p(6)?
81
Let i(m) = -6*m**2 + 333*m + 1050. Give i(-3).
-3
Let o(h) = -4*h**2 - 6*h + 20. What is o(3)?
-34
Let u(v) = -v**3 + 27*v**2 + 575*v - 62. Determine u(41).
-21
Let x(h) = 87*h + 1135. Give x(-13).
4
Let l(r) = r**2 + 195*r + 1010. Determine l(-5).
60
Let k(s) = 6*s**3 + s**2 - 7*s - 9. Give k(-2).
-39
Let z(p) = 2*p**2 + 91*p + 997. Calculate z(-28).
17
Let q(z) = -2*z**2 + 44*z + 186. Give q(-4).
-22
Let h(c) = 4*c**2 + 37*c + 29. Calculate h(-7).
-34
Let p(d) = -d**2 + 684*d - 9427. What is p(14)?
-47
Let h(k) = -k**3 - 11*k**2 - 27*k - 6. Determine h(-9).
75
Let h(r) = -1834*r - 9129. Determine h(-5).
41
Let u(f) = -8*f**2 - 218*f - 253. Give u(-26).
7
Let n(o) = -o**2 + 111*o + 3074. Determine n(-23).
-8
Let y(p) = -4*p**2 + 4*p - 197. Give y(11).
-637
Let k(q) = -2*q + 136. Calculate k(72).
-8
Let b(m) = -m**3 + 9*m**2 - 1833*m + 16493. Determine b(9).
-4
Let g(a) = -3509*a - 126310. Give g(-36).
14
Let u(r) = -7*r + 137. What is u(30)?
-73
Let u(y) = -6*y**3 - 215*y**2 + 256*y + 12. Give u(-37).
123
Let x(j) = -37*j**2 + j + 24. Calculate x(0).
24
Let l(a) = a**3 - 13*a**2 - 826*a - 21. What is l(-23)?
-67
Let g(y) = y**2 - 120*y + 344. Determine g(3).
-7
Let s(x) = 6*x - 289. What is s(15)?
-199
Let t(y) = y**3 - 27*y**2 + 128*y + 23. Give t(8).
-169
Let k(n) = 2*n**3 + 3*n**2 - 4*n + 10. Give k(-4).
-54
Let v(s) = -20*s + 66. What is v(5)?
-34
Let h(m) = m**2 - 935*m + 134160. Determine h(177).
-6
Let n(y) = -2*y**3 + 29*y**2 + 16*y - 9. Give n(15).
6
Let m(j) = -j**3 + 20*j**2 - 96*j + 5. Calculate m(13).
-60
Let m(g) = g**3 + g**2 - 5*g - 46. Give m(0).
-46
Let a(r) = 4730*r + 104065. Determine a(-22).
5
Let y(a) = 793*a + 1492. Determine y(-2).
-94
Let m(q) = q**2 - 4*q + 30. Give m(6).
42
Let u(h) = 6*h**2 - 13*h + 20. What is u(2)?
18
Let l(q) = 23*q - 160. What is l(4)?
-68
Let m(p) = -7*p + 206. Determine m(18).
80
Let x(o) = -5*o**3 + 17*o**2 + 23*o - 6. Calculate x(6).
-336
Let p(q) = q**2 - 155*q + 605. Give p(4).
1
Let q(k) = -k**2 + 10*k + 33. Calculate q(15).
-42
Let a(o) = o**2 + 708*o + 8343. Give a(-12).
-9
Let b(s) = -s**2 - 226*s + 2602. Calculate b(11).
-5
Let t(u) = -u**3 - 3*u**2 + 9*u + 26. Calculate t(-6).
80
Let x(c) = 157*c + 3209. Determine x(-20).
69
Let a(g) = g**3 + 214*g - 1202. Determine a(5).
-7
Let m(c) = -c**3 - 15*c**2 + 52*c + 581. Calculate m(-16).
5
Let o(r) = 3*r**2 - 104*r - 27. Determine o(35).
8
Let d(x) = x - 254. Calculate d(-52).
-306
Let a(g) = -7*g**2 + 82*g + 5. Determine a(7).
236
Let k(b) = -726*b - 845. Calculate k(-1).
-119
Let v(f) = -43*f**2 - 2432*f + 1076. Give v(-57).
-7
Let c(j) = 5*j**3 - 6*j**2 - 11*j - 3. Calculate c(-2).
-45
Let k(f) = -6*f + 36. Calculate k(2).
24
Let g(x) = 22*x - 410. Calculate g(19).
8
Let n(d) = 42*d - 181. What is n(6)?
71
Let y(m) = -78*m - 248. Give y(-3).
-14
Let i(j) = -j**2 + 9*j + 229. Calculate i(-12).
-23
Let x(t) = 2*t**3 + 60*t**2 + 50*t - 88. Calculate x(-29).
144
Let z(h) = h**3 + 40*h**2 - 175*h + 6. What is z(4)?
10
Let a(r) = -r**3 - 3*r**2 + 9*r - 15. Give a(2).
-17
Let u(g) = -g**2 + 7*g + 850. Give u(31).
106
Let i(x) = 2*x**3 + 16*x**2 + x - 96. Calculate i(-6).
42
Let x(g) = -g**3 + 32*g**2 - 177*g + 7. Calculate x(25).
-43
Let j(v) = -v**3 - 11*v**2 + 3*v + 18. Give j(-8).
-198
Let j(w) = -3*w**2 - 3*w + 92. Calculate j(10).
-238
Let d(y) = y**3 + 9*y**2 + 221*y + 2678. What is d(-11)?
5
Let p(h) = h**3 + 141*h**2 + 1070*h + 794. Calculate p(-133).
-4
Let u(o) = -2*o**3 + 24*o**2 + 5*o - 16. Determine u(12).
44
Let y(p) = -p**3 - 19*p**2 + 26*p + 12. Calculate y(-20).
-108
Let a(v) = v**3 +